on factor of a and c.
3
Let v be ((-108)/15)/((-6)/20). Suppose 4*l = 25 + 23. What is the highest common divisor of l and v?
12
Let c be (-64 - -65)/((-1)/(-8)). Let x = 0 + 20. What is the greatest common factor of c and x?
4
Let f = 27 - 1. Suppose -4*a + 3*y + f = 5, -12 = -3*a + y. What is the greatest common divisor of 2 and a?
1
Let o be (2 - 1) + (659 - 0). Suppose -o = -3*s - s. What is the greatest common factor of 15 and s?
15
Suppose -4*i - i = 0. Suppose i = x + 5 - 7. What is the greatest common factor of 10 and x?
2
Let g be 324/20 + 3/(-15). Calculate the highest common divisor of 16 and g.
16
Suppose 0*d + 14 = 2*d. Suppose -d = -w + 5. What is the highest common divisor of 132 and w?
12
Let d(q) = q**2 + 13*q + 27. Let p be d(-13). What is the highest common divisor of 3 and p?
3
Suppose 7*v - 19 - 9 = 0. Suppose 3*w = 7*w - 80. Calculate the greatest common divisor of w and v.
4
Let r = 19 + -6. What is the highest common factor of 143 and r?
13
Let d = 1 - 16. Let x = d - -6. Let r = x - -33. Calculate the highest common factor of r and 12.
12
Suppose u = 5 + 2. Let l be u*(-60)/7*-1. What is the highest common factor of l and 12?
12
Let n be 3/(-5) - 2/5. Let m be -36*(0 - n)*-1. Suppose -52 + 7 = -5*o. Calculate the greatest common divisor of o and m.
9
Suppose -2*u + 1 = -u. Suppose 10*n - 5*n - 45 = 0. Calculate the greatest common factor of u and n.
1
Suppose 3*p + 0*p = 21. Calculate the highest common factor of 119 and p.
7
Let i = -20 - -11. Let j be (i + 2 + 2)*-1. Calculate the highest common divisor of 55 and j.
5
Let d be -8*(-20)/8 + -3. Suppose k = 5*o + 48, -o + 5*o = -5*k + 356. Calculate the highest common divisor of d and k.
17
Let b(f) = 2*f**2 + 2*f + 4. Let y be b(-4). Let z be (-4 + -10)/(2/(-28)). Calculate the greatest common divisor of y and z.
28
Suppose 3*f + 4*g + 2 = 0, 4*f + 0 = -3*g - 12. Let w be 4*6/(-4)*f. What is the highest common divisor of 54 and w?
18
Suppose 3*d - 90 = -0. What is the highest common divisor of 60 and d?
30
Let y = -210 - -314. Calculate the highest common factor of y and 13.
13
Suppose 90 = -2*g + 7*w - 3*w, 65 = -g - 2*w. Let i be g/(-3) + (-26)/(-39). What is the greatest common divisor of 57 and i?
19
Let n(z) = -z**2 - 9*z - 4. Let u be n(-7). Let a = -11 - -11. Suppose 5*q - u = -a*q. Calculate the highest common divisor of q and 20.
2
Let o be (-4)/(-4) - (-1)/(-1). Suppose -75 = -5*n - 5*t, 4*t = 3*n - o*t - 24. What is the highest common factor of 30 and n?
6
Let o(l) = -l + 12. Let f be o(10). What is the highest common factor of 10 and f?
2
Let u(o) = 2*o - 1. Let b be u(3). Let j(n) = -n**3 + 6*n**2 - 2*n + 1. Let m be j(b). Suppose y - 80 = -0*y. Calculate the greatest common divisor of m and y.
16
Suppose -x + 4*u + u = -17, -3*x + u = -9. Suppose -v = -2*g + 5, v - 5 = 2*g - x*v. What is the highest common factor of g and 45?
5
Suppose -2*b + 5 = 2*q - 231, 120 = q + 3*b. What is the greatest common factor of q and 13?
13
Suppose -168 = -8*z + 4*z. Let v(q) = -q**3 - 7*q**2 - 7*q + 8. Let s be v(-6). Let x = z + s. Calculate the greatest common factor of x and 14.
14
Suppose -5*c + 0*c - 20 = 0. Let r(f) = 9*f**2 + f + 1. Let v be r(c). Suppose -2*u = 4*p + 9 - v, 2*p = 6. Calculate the greatest common divisor of 12 and u.
12
Let m be 174/8 + 6/(-8). Suppose -5*r = -5*t + 70, -4*r + 2*r = 0. Calculate the greatest common factor of m and t.
7
Suppose -22 = 4*b - 5*b. Suppose x - b + 7 = 0. What is the highest common divisor of x and 3?
3
Let d = 60 - 88. Let j = 48 + d. Let r be j/2*280/25. Calculate the greatest common factor of 14 and r.
14
Suppose -2*h - 4*x = -7*h + 35, -36 = -h - 5*x. Let u = -8 - -10. Let g = -1 + u. Calculate the highest common factor of g and h.
1
Let h = 33 + -16. Suppose h*t - 138 = 14*t. What is the greatest common factor of t and 23?
23
Let i be ((-8)/5)/(2/(-10)). What is the highest common factor of i and 20?
4
Let q be 9/2*(-4)/(-6). Suppose -q*k + 30 = -6*k. Let p(x) = -x**3 - 10*x**2 - 2*x - 12. Let w be p(k). Calculate the greatest common divisor of w and 2.
2
Let q = -17 - -44. What is the greatest common divisor of 81 and q?
27
Let i be -4*(0 - (-3)/(-3)). Suppose -166 = -4*c + t + 15, 5*t = i*c - 201. Suppose -5 + 17 = 3*a. Calculate the greatest common factor of c and a.
4
Suppose -43 = -3*q - 0*q - 4*v, -34 = -2*q - 4*v. What is the greatest common factor of q and 9?
9
Suppose -10 + 0 = -5*p. Let a = p - 1. Let h be 2/(-4)*(-24)/2. What is the greatest common factor of h and a?
1
Let h(d) = -d**2 + d + 22. Let f be h(0). What is the highest common factor of 198 and f?
22
Let n be 15/(-20) - (-428)/16. Suppose 0 = -5*g + 20, 0*j - 40 = -4*j + 3*g. Calculate the greatest common factor of n and j.
13
Suppose 2*n = -n + j + 32, 2*n + 5*j = 10. Suppose g - 3 = 4*h, 77 + 10 = 5*g + 4*h. What is the greatest common factor of n and g?
5
Let w = 29 + -13. Suppose -j = j - 256. What is the highest common divisor of j and w?
16
Let f be (-6)/(-33) + (-1571)/(-11). Calculate the greatest common factor of 13 and f.
13
Let g(d) = -d + 1. Let q be g(-2). Suppose -q*b + 20 = -19. Calculate the greatest common divisor of b and 104.
13
Suppose 4*j = 2*k - 86, 3*k = -8*j + 3*j + 129. Calculate the highest common divisor of k and 172.
43
Let v = 1 + 0. Let u(f) = 9*f + 228. Let t be u(-25). Calculate the greatest common divisor of t and v.
1
Let v = -18 - -34. Calculate the greatest common factor of v and 112.
16
Let f be (-2)/(-5) + (-112)/(-20). Let p be 5/(21/f - 3). What is the greatest common divisor of 30 and p?
10
Suppose -z - 48 = -2*x, 0*z - 72 = -3*x + 3*z. What is the greatest common divisor of 84 and x?
12
Suppose 2*x + 120 = 6*x. Calculate the greatest common divisor of x and 45.
15
Let s = -47 - -71. What is the highest common divisor of s and 16?
8
Suppose -3*f + 43 = -65. Calculate the highest common factor of f and 12.
12
Let k(c) = c**2 + 3*c - 3. Let r be k(-4). Let z(d) = -r - 10*d - 2 - 1. Let u be z(-6). What is the highest common factor of 8 and u?
8
Let b(i) = i**2 - 7*i + 5. Let c be b(7). Suppose 0*l - 5*x - 106 = -2*l, -2*l - c*x = -146. Let g = -36 + l. What is the greatest common factor of g and 9?
9
Let h be 0 + -1 + (53 + -3)/1. Calculate the greatest common divisor of 7 and h.
7
Suppose 7*o = 2*o - 40. Suppose -2*m + 8 = -w - w, -2*w + 32 = 3*m. Let j = m - o. Calculate the greatest common factor of j and 144.
16
Let a be (-30)/(-4) + 4/((-40)/(-15)). Let k be 1 + -3 - (-27 - 2). Calculate the highest common factor of a and k.
9
Suppose 0 = 4*i, r + 34 = 3*r + 4*i. Calculate the highest common factor of r and 136.
17
Let q = 21 + -20. What is the greatest common divisor of 2 and q?
1
Let j(h) = 2*h**3 - 2*h**2 - 3*h - 1. Let m be j(3). Calculate the highest common divisor of 182 and m.
26
Suppose 0 = -2*z + d, -4*z - z - 3*d = 0. Suppose z = -g - g + 4*w + 414, 2*g + 3*w = 421. What is the highest common divisor of 19 and g?
19
Let j(l) = -9*l + 15. Let h be j(12). Let t = -43 - h. What is the highest common factor of t and 20?
10
Suppose -2*i + 5*l + 40 = 0, 4*i + i - 4*l - 83 = 0. Let g be 4/18 + (-220)/18. Let p be (20/(-2))/(-14 - g). What is the highest common divisor of p and i?
5
Let v be 12/(-10)*(-280)/21. What is the greatest common divisor of v and 32?
16
Let r(q) = q**2 - 9*q. Suppose 0 = -3*l + 36 - 9. Let u be r(l). Let m be u + 3 + (-4 - -11). Calculate the greatest common factor of m and 110.
10
Let h = 28 + -13. What is the greatest common factor of h and 15?
15
Suppose -6*b + 84 = -2*b. Suppose -i + b = 2*i. What is the greatest common divisor of i and 7?
7
Suppose 3*n - 7*n = 0. Suppose 0*x - 5*x + 10 = n. Let w be (75/x)/(3/6). What is the highest common factor of w and 30?
15
Suppose 4*d = -h + 220, -2*h + 0*h + 110 = 2*d. Suppose 45 = -2*v - v. Let r = -10 - v. Calculate the greatest common factor of d and r.
5
Suppose 20 + 120 = 5*w. What is the highest common factor of w and 112?
28
Let f(h) = 3 + 9*h - 7 - h**2 + 1. Let j be f(8). Suppose 5*d - j*u - 300 = 0, 4*d - 303 = -d + 4*u. What is the greatest common divisor of 7 and d?
7
Let z be ((-4)/(-6))/((-4)/(-960)). What is the highest common factor of z and 20?
20
Let p(b) = b**2 + 4*b + 7. Let c be p(5). Let r be (c/(-2) - 